{"id":5090,"date":"2025-10-01T12:50:12","date_gmt":"2025-10-01T11:50:12","guid":{"rendered":"https:\/\/www.arkteos.com\/?page_id=5090"},"modified":"2025-10-01T14:05:08","modified_gmt":"2025-10-01T13:05:08","slug":"offres-commerciales","status":"publish","type":"page","link":"https:\/\/www.arkteos.com\/index.php\/accueil\/offres-commerciales\/","title":{"rendered":"Offres"},"content":{"rendered":"<div id=\"pl-5090\"  class=\"panel-layout\" ><div id=\"pg-5090-0\"  class=\"panel-grid panel-no-style\" ><div id=\"pgc-5090-0-0\"  class=\"panel-grid-cell panel-grid-cell-empty\" ><\/div><\/div><div id=\"pg-5090-1\"  class=\"panel-grid panel-no-style\" ><div id=\"pgc-5090-1-0\"  class=\"panel-grid-cell\" ><div id=\"panel-5090-1-0-0\" class=\"so-panel widget widget_sow-image panel-first-child\" data-index=\"0\" ><div\n\t\t\t\n\t\t\tclass=\"so-widget-sow-image so-widget-sow-image-default-8b5b6f678277-5090\"\n\t\t\t\n\t\t>\n<div class=\"sow-image-container\">\n\t\t<img \n\tsrc=\"https:\/\/www.arkteos.com\/wp-content\/uploads\/2025\/08\/Affiche_2025.png\" width=\"543\" height=\"768\" srcset=\"https:\/\/www.arkteos.com\/wp-content\/uploads\/2025\/08\/Affiche_2025.png 543w, https:\/\/www.arkteos.com\/wp-content\/uploads\/2025\/08\/Affiche_2025-212x300.png 212w\" sizes=\"(max-width: 543px) 100vw, 543px\" alt=\"\" \t\tclass=\"so-widget-image\"\/>\n\t<\/div>\n\n<\/div><\/div><div id=\"panel-5090-1-0-1\" class=\"so-panel widget widget_sow-button panel-last-child\" data-index=\"1\" ><div\n\t\t\t\n\t\t\tclass=\"so-widget-sow-button so-widget-sow-button-flat-4a71142666ad-5090\"\n\t\t\t\n\t\t><div class=\"ow-button-base ow-button-align-center\"\n>\n\t\t\t<a\n\t\t\t\t\thref=\"https:\/\/drive.google.com\/file\/d\/16c6woQWAcQiiAv39M7HEIZV_j048Ijk8\/view?usp=drive_link\"\n\t\t\t\t\tclass=\"sowb-button ow-icon-placement-left ow-button-hover\" target=\"_blank\" rel=\"noopener noreferrer\" \t>\n\t\t<span>\n\t\t\t<span class=\"sow-icon-fontawesome sow-far\" data-sow-icon=\"&#xf358;\"\n\t\tstyle=\"\" \n\t\taria-hidden=\"true\"><\/span>\n\t\t\tT\u00e9l\u00e9charger le Flyer\t\t<\/span>\n\t\t\t<\/a>\n\t<\/div>\n<\/div><\/div><\/div><div id=\"pgc-5090-1-1\"  class=\"panel-grid-cell\" ><div id=\"panel-5090-1-1-0\" class=\"so-panel widget widget_sow-image panel-first-child\" data-index=\"2\" ><div\n\t\t\t\n\t\t\tclass=\"so-widget-sow-image so-widget-sow-image-default-8b5b6f678277-5090\"\n\t\t\t\n\t\t>\n<div class=\"sow-image-container\">\n\t\t<img \n\tsrc=\"https:\/\/www.arkteos.com\/wp-content\/uploads\/2025\/08\/Formulaire-Extension-10ans-Operation-2025.png\" width=\"794\" height=\"1123\" srcset=\"https:\/\/www.arkteos.com\/wp-content\/uploads\/2025\/08\/Formulaire-Extension-10ans-Operation-2025.png 794w, https:\/\/www.arkteos.com\/wp-content\/uploads\/2025\/08\/Formulaire-Extension-10ans-Operation-2025-212x300.png 212w, https:\/\/www.arkteos.com\/wp-content\/uploads\/2025\/08\/Formulaire-Extension-10ans-Operation-2025-724x1024.png 724w, https:\/\/www.arkteos.com\/wp-content\/uploads\/2025\/08\/Formulaire-Extension-10ans-Operation-2025-768x1086.png 768w\" sizes=\"(max-width: 794px) 100vw, 794px\" title=\"Formulaire Extension 10ans (Operation 2025)\" alt=\"\" \t\tclass=\"so-widget-image\"\/>\n\t<\/div>\n\n<\/div><\/div><div id=\"panel-5090-1-1-1\" class=\"so-panel widget widget_sow-button panel-last-child\" data-index=\"3\" ><div\n\t\t\t\n\t\t\tclass=\"so-widget-sow-button so-widget-sow-button-flat-4a71142666ad-5090\"\n\t\t\t\n\t\t><div class=\"ow-button-base ow-button-align-center\"\n>\n\t\t\t<a\n\t\t\t\t\thref=\"https:\/\/drive.google.com\/file\/d\/1DoUFde90yeko2I0n7uszBqFKiNNRG5I0\/view?usp=drive_link\"\n\t\t\t\t\tclass=\"sowb-button ow-icon-placement-left ow-button-hover\" target=\"_blank\" rel=\"noopener noreferrer\" \t>\n\t\t<span>\n\t\t\t<span class=\"sow-icon-fontawesome sow-far\" data-sow-icon=\"&#xf358;\"\n\t\tstyle=\"\" \n\t\taria-hidden=\"true\"><\/span>\n\t\t\tT\u00e9l\u00e9charger le Formulaire\t\t<\/span>\n\t\t\t<\/a>\n\t<\/div>\n<\/div><\/div><\/div><\/div><div id=\"pg-5090-2\"  class=\"panel-grid panel-no-style\" ><div id=\"pgc-5090-2-0\"  class=\"panel-grid-cell\" ><div id=\"panel-5090-2-0-0\" class=\"so-panel widget widget_sow-editor panel-first-child panel-last-child\" data-index=\"4\" ><div\n\t\t\t\n\t\t\tclass=\"so-widget-sow-editor so-widget-sow-editor-base\"\n\t\t\t\n\t\t>\n<div class=\"siteorigin-widget-tinymce textwidget\">\n\t<h6>* Conditions pour b\u00e9n\u00e9ficier pleinement de l'extension de garantie 10 ans<\/h6>\n<p>Pour toutes commandes pass\u00e9es du 01\/09\/2025 jusqu\u2019au 31\/12\/2025 pour l\u2019achat d\u2019une pompe \u00e0 chaleur ARKTEOS avec une livraison (date d\u2019exp\u00e9dition) avant le 31\/03\/2026 \u2022 Constituer et Envoyer le dossier complet avant le 01\/05\/2026 par mail : serviceclient@arkteos.com \u2022 Apr\u00e8s acceptation du dossier et sous conditions des obligations du contrat d\u2019extension de garantie de l\u2019offre s\u00e9r\u00e9nit\u00e9 \u2022 Offre r\u00e9serv\u00e9e aux particuliers \u2022 Seuls sont \u00e9ligibles les pompes \u00e0 chaleur ARKTEOS des gammes suivantes : ZURAN 4 \/ BAGUIO 4 \/ AJPAC 3 \/ GEOTWIN 4 \/ TIMAX 3 \/ INVERTERRA \u2022 Offre valable en France m\u00e9tropolitaine (Corse comprise et prinicipaut\u00e9 de Monaco) \u2022 La main d\u2019\u0153uvre n\u2019est pas couverte par l\u2019extension de garantie \u2022 Suite \u00e0 l\u2019analyse des donn\u00e9es de fonctionnement, \u00e0 la mise en service ou au cours des 10 ans de garantie, ARKTEOS peut exiger une intervention de remise en ordre de l\u2019installation \u2022 La non-ex\u00e9cution des pr\u00e9conisations d\u2019ARKTEOS entra\u00eene la d\u00e9ch\u00e9ance de la garantie \u2022 Un contr\u00f4le annuel d\u2019\u00e9tanch\u00e9it\u00e9 du circuit frigorifique est obligatoire pour toutes les installations ayant une charge sup\u00e9rieure ou \u00e9gale \u00e0 5 tonnes \u00e9quivalent CO2 de fluide frigorig\u00e8ne. (D\u00e9cret n\u00b0 2015-1790 du 28 d\u00e9cembre 2015) \u2022 Contrat d\u2019entretien annuel obligatoire pendant la dur\u00e9e de garantie de 10 ans \u2022 Le contrat devient caduc en cas de d\u00e9connexion internet de la pompe \u00e0 chaleur \u2022 Frais d\u2019envoi et de photocopie des documents non rembours\u00e9s \u2022 ARKTEOS d\u00e9cline toute responsabilit\u00e9 en cas de perte ou de retard, sauf en cas de faute ou de manquement d\u00e9lib\u00e9r\u00e9 de la part de ARKTEOS \u2022 Toute demande illisible, ratur\u00e9e, incompl\u00e8te ou non conforme aux conditions de l\u2019offre sera consid\u00e9r\u00e9e comme nulle \u2022 Conform\u00e9ment \u00e0 la loi 78-17 du 6 janvier 1978 \u00ab Informatique et Libert\u00e9s \u00bb, le client dispose d\u2019un droit d\u2019acc\u00e8s, de rectification ou de radiation des informations le concernant qui pourra \u00eatre exerc\u00e9 aupr\u00e8s de ARKTEOS, en \u00e9crivant \u00e0 : ARKTEOS - Site de Kerquessaud - 44350 GUERANDE \u2022 Les marques cit\u00e9es sont des marques d\u00e9pos\u00e9es.<\/p>\n<\/div>\n<\/div><\/div><\/div><\/div><\/div>","protected":false},"excerpt":{"rendered":"<p>T\u00e9l\u00e9charger le Flyer T\u00e9l\u00e9charger le Formulaire * Conditions pour b\u00e9n\u00e9ficier pleinement de l&rsquo;extension de garantie 10 ans Pour toutes commandes pass\u00e9es du 01\/09\/2025 jusqu\u2019au 31\/12\/2025 pour l\u2019achat d\u2019une pompe \u00e0 chaleur ARKTEOS avec une livraison (date d\u2019exp\u00e9dition) avant le 31\/03\/2026 \u2022 Constituer et Envoyer le dossier complet avant le 01\/05\/2026 par mail : serviceclient@arkteos.com \u2022 [&hellip;]<\/p>\n","protected":false},"author":1,"featured_media":0,"parent":4775,"menu_order":0,"comment_status":"closed","ping_status":"closed","template":"","meta":{"_acf_changed":false,"_exactmetrics_skip_tracking":false,"_exactmetrics_sitenote_active":false,"_exactmetrics_sitenote_note":"","_exactmetrics_sitenote_category":0,"footnotes":""},"class_list":["post-5090","page","type-page","status-publish","hentry","post"],"acf":[],"yoast_head":"<!-- This site is optimized with the Yoast SEO plugin v26.0 - https:\/\/yoast.com\/wordpress\/plugins\/seo\/ -->\n<title>Offres - ARKTEOS<\/title>\n<meta name=\"robots\" content=\"noindex, follow\" \/>\n<meta property=\"og:locale\" content=\"fr_FR\" \/>\n<meta property=\"og:type\" content=\"article\" \/>\n<meta property=\"og:title\" content=\"Offres - ARKTEOS\" \/>\n<meta property=\"og:description\" content=\"T\u00e9l\u00e9charger le Flyer T\u00e9l\u00e9charger le Formulaire * Conditions pour b\u00e9n\u00e9ficier pleinement de l&#039;extension de garantie 10 ans Pour toutes commandes pass\u00e9es du 01\/09\/2025 jusqu\u2019au 31\/12\/2025 pour l\u2019achat d\u2019une pompe \u00e0 chaleur ARKTEOS avec une livraison (date d\u2019exp\u00e9dition) avant le 31\/03\/2026 \u2022 Constituer et Envoyer le dossier complet avant le 01\/05\/2026 par mail : serviceclient@arkteos.com \u2022 [&hellip;]\" \/>\n<meta property=\"og:url\" content=\"https:\/\/www.arkteos.com\/index.php\/accueil\/offres-commerciales\/\" \/>\n<meta property=\"og:site_name\" content=\"ARKTEOS\" \/>\n<meta property=\"article:publisher\" content=\"https:\/\/www.linkedin.com\/company\/26433823\/\" \/>\n<meta property=\"article:modified_time\" content=\"2025-10-01T13:05:08+00:00\" \/>\n<meta name=\"twitter:card\" content=\"summary_large_image\" \/>\n<meta name=\"twitter:label1\" content=\"Dur\u00e9e de lecture estim\u00e9e\" \/>\n\t<meta name=\"twitter:data1\" content=\"3 minutes\" \/>\n<script type=\"application\/ld+json\" class=\"yoast-schema-graph\">{\"@context\":\"https:\/\/schema.org\",\"@graph\":[{\"@type\":\"WebPage\",\"@id\":\"https:\/\/www.arkteos.com\/index.php\/accueil\/offres-commerciales\/\",\"url\":\"https:\/\/www.arkteos.com\/index.php\/accueil\/offres-commerciales\/\",\"name\":\"Offres - ARKTEOS\",\"isPartOf\":{\"@id\":\"https:\/\/www.arkteos.com\/#website\"},\"datePublished\":\"2025-10-01T11:50:12+00:00\",\"dateModified\":\"2025-10-01T13:05:08+00:00\",\"breadcrumb\":{\"@id\":\"https:\/\/www.arkteos.com\/index.php\/accueil\/offres-commerciales\/#breadcrumb\"},\"inLanguage\":\"fr-FR\",\"potentialAction\":[{\"@type\":\"ReadAction\",\"target\":[\"https:\/\/www.arkteos.com\/index.php\/accueil\/offres-commerciales\/\"]}]},{\"@type\":\"BreadcrumbList\",\"@id\":\"https:\/\/www.arkteos.com\/index.php\/accueil\/offres-commerciales\/#breadcrumb\",\"itemListElement\":[{\"@type\":\"ListItem\",\"position\":1,\"name\":\"Accueil\",\"item\":\"https:\/\/www.arkteos.com\/\"},{\"@type\":\"ListItem\",\"position\":2,\"name\":\"Accueil\",\"item\":\"https:\/\/www.arkteos.com\/\"},{\"@type\":\"ListItem\",\"position\":3,\"name\":\"Offres\"}]},{\"@type\":\"WebSite\",\"@id\":\"https:\/\/www.arkteos.com\/#website\",\"url\":\"https:\/\/www.arkteos.com\/\",\"name\":\"ARKTEOS\",\"description\":\"FABRICANT FRANCAIS DE POMPE A CHALEUR\",\"publisher\":{\"@id\":\"https:\/\/www.arkteos.com\/#organization\"},\"potentialAction\":[{\"@type\":\"SearchAction\",\"target\":{\"@type\":\"EntryPoint\",\"urlTemplate\":\"https:\/\/www.arkteos.com\/?s={search_term_string}\"},\"query-input\":{\"@type\":\"PropertyValueSpecification\",\"valueRequired\":true,\"valueName\":\"search_term_string\"}}],\"inLanguage\":\"fr-FR\"},{\"@type\":\"Organization\",\"@id\":\"https:\/\/www.arkteos.com\/#organization\",\"name\":\"ARKTEOS\",\"url\":\"https:\/\/www.arkteos.com\/\",\"logo\":{\"@type\":\"ImageObject\",\"inLanguage\":\"fr-FR\",\"@id\":\"https:\/\/www.arkteos.com\/#\/schema\/logo\/image\/\",\"url\":\"https:\/\/www.arkteos.com\/wp-content\/uploads\/2025\/09\/cropped-Logo_Arkteos_03.png\",\"contentUrl\":\"https:\/\/www.arkteos.com\/wp-content\/uploads\/2025\/09\/cropped-Logo_Arkteos_03.png\",\"width\":400,\"height\":200,\"caption\":\"ARKTEOS\"},\"image\":{\"@id\":\"https:\/\/www.arkteos.com\/#\/schema\/logo\/image\/\"},\"sameAs\":[\"https:\/\/www.linkedin.com\/company\/26433823\/\"]}]}<\/script>\n<!-- \/ Yoast SEO plugin. -->","yoast_head_json":{"title":"Offres - ARKTEOS","robots":{"index":"noindex","follow":"follow"},"og_locale":"fr_FR","og_type":"article","og_title":"Offres - ARKTEOS","og_description":"T\u00e9l\u00e9charger le Flyer T\u00e9l\u00e9charger le Formulaire * Conditions pour b\u00e9n\u00e9ficier pleinement de l'extension de garantie 10 ans Pour toutes commandes pass\u00e9es du 01\/09\/2025 jusqu\u2019au 31\/12\/2025 pour l\u2019achat d\u2019une pompe \u00e0 chaleur ARKTEOS avec une livraison (date d\u2019exp\u00e9dition) avant le 31\/03\/2026 \u2022 Constituer et Envoyer le dossier complet avant le 01\/05\/2026 par mail : serviceclient@arkteos.com \u2022 [&hellip;]","og_url":"https:\/\/www.arkteos.com\/index.php\/accueil\/offres-commerciales\/","og_site_name":"ARKTEOS","article_publisher":"https:\/\/www.linkedin.com\/company\/26433823\/","article_modified_time":"2025-10-01T13:05:08+00:00","twitter_card":"summary_large_image","twitter_misc":{"Dur\u00e9e de lecture estim\u00e9e":"3 minutes"},"schema":{"@context":"https:\/\/schema.org","@graph":[{"@type":"WebPage","@id":"https:\/\/www.arkteos.com\/index.php\/accueil\/offres-commerciales\/","url":"https:\/\/www.arkteos.com\/index.php\/accueil\/offres-commerciales\/","name":"Offres - ARKTEOS","isPartOf":{"@id":"https:\/\/www.arkteos.com\/#website"},"datePublished":"2025-10-01T11:50:12+00:00","dateModified":"2025-10-01T13:05:08+00:00","breadcrumb":{"@id":"https:\/\/www.arkteos.com\/index.php\/accueil\/offres-commerciales\/#breadcrumb"},"inLanguage":"fr-FR","potentialAction":[{"@type":"ReadAction","target":["https:\/\/www.arkteos.com\/index.php\/accueil\/offres-commerciales\/"]}]},{"@type":"BreadcrumbList","@id":"https:\/\/www.arkteos.com\/index.php\/accueil\/offres-commerciales\/#breadcrumb","itemListElement":[{"@type":"ListItem","position":1,"name":"Accueil","item":"https:\/\/www.arkteos.com\/"},{"@type":"ListItem","position":2,"name":"Accueil","item":"https:\/\/www.arkteos.com\/"},{"@type":"ListItem","position":3,"name":"Offres"}]},{"@type":"WebSite","@id":"https:\/\/www.arkteos.com\/#website","url":"https:\/\/www.arkteos.com\/","name":"ARKTEOS","description":"FABRICANT FRANCAIS DE POMPE A CHALEUR","publisher":{"@id":"https:\/\/www.arkteos.com\/#organization"},"potentialAction":[{"@type":"SearchAction","target":{"@type":"EntryPoint","urlTemplate":"https:\/\/www.arkteos.com\/?s={search_term_string}"},"query-input":{"@type":"PropertyValueSpecification","valueRequired":true,"valueName":"search_term_string"}}],"inLanguage":"fr-FR"},{"@type":"Organization","@id":"https:\/\/www.arkteos.com\/#organization","name":"ARKTEOS","url":"https:\/\/www.arkteos.com\/","logo":{"@type":"ImageObject","inLanguage":"fr-FR","@id":"https:\/\/www.arkteos.com\/#\/schema\/logo\/image\/","url":"https:\/\/www.arkteos.com\/wp-content\/uploads\/2025\/09\/cropped-Logo_Arkteos_03.png","contentUrl":"https:\/\/www.arkteos.com\/wp-content\/uploads\/2025\/09\/cropped-Logo_Arkteos_03.png","width":400,"height":200,"caption":"ARKTEOS"},"image":{"@id":"https:\/\/www.arkteos.com\/#\/schema\/logo\/image\/"},"sameAs":["https:\/\/www.linkedin.com\/company\/26433823\/"]}]}},"_links":{"self":[{"href":"https:\/\/www.arkteos.com\/index.php\/wp-json\/wp\/v2\/pages\/5090","targetHints":{"allow":["GET"]}}],"collection":[{"href":"https:\/\/www.arkteos.com\/index.php\/wp-json\/wp\/v2\/pages"}],"about":[{"href":"https:\/\/www.arkteos.com\/index.php\/wp-json\/wp\/v2\/types\/page"}],"author":[{"embeddable":true,"href":"https:\/\/www.arkteos.com\/index.php\/wp-json\/wp\/v2\/users\/1"}],"replies":[{"embeddable":true,"href":"https:\/\/www.arkteos.com\/index.php\/wp-json\/wp\/v2\/comments?post=5090"}],"version-history":[{"count":5,"href":"https:\/\/www.arkteos.com\/index.php\/wp-json\/wp\/v2\/pages\/5090\/revisions"}],"predecessor-version":[{"id":5102,"href":"https:\/\/www.arkteos.com\/index.php\/wp-json\/wp\/v2\/pages\/5090\/revisions\/5102"}],"up":[{"embeddable":true,"href":"https:\/\/www.arkteos.com\/index.php\/wp-json\/wp\/v2\/pages\/4775"}],"wp:attachment":[{"href":"https:\/\/www.arkteos.com\/index.php\/wp-json\/wp\/v2\/media?parent=5090"}],"curies":[{"name":"wp","href":"https:\/\/api.w.org\/{rel}","templated":true}]}}