{"id":1362,"date":"2016-02-02T13:21:40","date_gmt":"2016-02-02T12:21:40","guid":{"rendered":"https:\/\/www.arkteos.com\/?page_id=1362"},"modified":"2016-02-02T13:27:30","modified_gmt":"2016-02-02T12:27:30","slug":"histoire-du-nom","status":"publish","type":"page","link":"https:\/\/www.arkteos.com\/index.php\/about-us\/histoire-du-nom\/","title":{"rendered":"Histoire du nom"},"content":{"rendered":"<div id=\"pl-1362\"  class=\"panel-layout\" ><div id=\"pg-1362-0\"  class=\"panel-grid panel-no-style\" ><div id=\"pgc-1362-0-0\"  class=\"panel-grid-cell\" ><div id=\"panel-1362-0-0-0\" class=\"so-panel widget widget_black-studio-tinymce widget_black_studio_tinymce panel-first-child panel-last-child\" data-index=\"0\" ><div class=\"textwidget\"><p><strong>Notre nom ARKTEOS est issu du mot ARKTOS qui signifie OURS en grec.<\/strong><br \/> Notre logo est une repr\u00e9sentation de l\u2019ours polaire, qui symbolise le r\u00e9chauffement climatique contre lequel nous luttons.<br \/> L\u2019ours v\u00e9hicule \u00e9galement les valeurs ou notions de force, puissance, puret\u00e9 et r\u00e9sistance au froid, qui trouvent un \u00e9cho particulier dans notre m\u00e9tier de la conception et fabrication de pompes \u00e0 chaleur.<\/p>\n<p><strong>Pour aller plus loin :<\/strong><br \/> Les noms Arctique et Antarctique viennent directement de Arktos. Les constellations (Grande Ourse et Petite Ourse) sont , en effet, visibles depuis l\u2019Arctique et pas depuis l\u2019Antarctique.<\/p>\n<\/div><\/div><\/div><div id=\"pgc-1362-0-1\"  class=\"panel-grid-cell\" ><div id=\"panel-1362-0-1-0\" class=\"so-panel widget widget_black-studio-tinymce widget_black_studio_tinymce panel-first-child panel-last-child\" data-index=\"1\" ><div class=\"textwidget\"><p><a href=\"https:\/\/www.arkteos.com\/wp-content\/uploads\/2015\/11\/ARKTEOS-logo.png\"><img loading=\"lazy\" decoding=\"async\" class=\"alignnone size-full wp-image-486\" src=\"https:\/\/www.arkteos.com\/wp-content\/uploads\/2015\/11\/ARKTEOS-logo.png\" alt=\"ARKTEOS logo\" width=\"514\" height=\"225\" srcset=\"https:\/\/www.arkteos.com\/wp-content\/uploads\/2015\/11\/ARKTEOS-logo.png 514w, https:\/\/www.arkteos.com\/wp-content\/uploads\/2015\/11\/ARKTEOS-logo-300x131.png 300w\" sizes=\"auto, (max-width: 514px) 100vw, 514px\" \/><\/a><\/p>\n<\/div><\/div><\/div><\/div><\/div>","protected":false},"excerpt":{"rendered":"<p>Notre nom ARKTEOS est issu du mot ARKTOS qui signifie OURS en grec. Notre logo est une repr\u00e9sentation de l\u2019ours polaire, qui symbolise le r\u00e9chauffement climatique contre lequel nous luttons. L\u2019ours v\u00e9hicule \u00e9galement les valeurs ou notions de force, puissance, puret\u00e9 et r\u00e9sistance au froid, qui trouvent un \u00e9cho particulier dans notre m\u00e9tier de la [&hellip;]<\/p>\n","protected":false},"author":1,"featured_media":0,"parent":232,"menu_order":0,"comment_status":"closed","ping_status":"closed","template":"","meta":{"_acf_changed":false,"_exactmetrics_skip_tracking":false,"_exactmetrics_sitenote_active":false,"_exactmetrics_sitenote_note":"","_exactmetrics_sitenote_category":0,"footnotes":""},"class_list":["post-1362","page","type-page","status-publish","hentry","post"],"acf":[],"yoast_head":"<!-- This site is optimized with the Yoast SEO plugin v26.0 - https:\/\/yoast.com\/wordpress\/plugins\/seo\/ -->\n<title>Histoire du nom - ARKTEOS<\/title>\n<meta name=\"robots\" content=\"noindex, follow\" \/>\n<meta property=\"og:locale\" content=\"fr_FR\" \/>\n<meta property=\"og:type\" content=\"article\" \/>\n<meta property=\"og:title\" content=\"Histoire du nom - ARKTEOS\" \/>\n<meta property=\"og:description\" content=\"Notre nom ARKTEOS est issu du mot ARKTOS qui signifie OURS en grec. Notre logo est une repr\u00e9sentation de l\u2019ours polaire, qui symbolise le r\u00e9chauffement climatique contre lequel nous luttons. L\u2019ours v\u00e9hicule \u00e9galement les valeurs ou notions de force, puissance, puret\u00e9 et r\u00e9sistance au froid, qui trouvent un \u00e9cho particulier dans notre m\u00e9tier de la [&hellip;]\" \/>\n<meta property=\"og:url\" content=\"https:\/\/www.arkteos.com\/index.php\/about-us\/histoire-du-nom\/\" \/>\n<meta property=\"og:site_name\" content=\"ARKTEOS\" \/>\n<meta property=\"article:publisher\" content=\"https:\/\/www.linkedin.com\/company\/26433823\/\" \/>\n<meta property=\"article:modified_time\" content=\"2016-02-02T12:27:30+00:00\" \/>\n<meta property=\"og:image\" content=\"https:\/\/www.arkteos.com\/wp-content\/uploads\/2015\/11\/ARKTEOS-logo.png\" \/>\n<meta name=\"twitter:card\" content=\"summary_large_image\" \/>\n<meta name=\"twitter:label1\" content=\"Dur\u00e9e de lecture estim\u00e9e\" \/>\n\t<meta name=\"twitter:data1\" content=\"1 minute\" \/>\n<script type=\"application\/ld+json\" class=\"yoast-schema-graph\">{\"@context\":\"https:\/\/schema.org\",\"@graph\":[{\"@type\":\"WebPage\",\"@id\":\"https:\/\/www.arkteos.com\/index.php\/about-us\/histoire-du-nom\/\",\"url\":\"https:\/\/www.arkteos.com\/index.php\/about-us\/histoire-du-nom\/\",\"name\":\"Histoire du nom - ARKTEOS\",\"isPartOf\":{\"@id\":\"https:\/\/www.arkteos.com\/#website\"},\"primaryImageOfPage\":{\"@id\":\"https:\/\/www.arkteos.com\/index.php\/about-us\/histoire-du-nom\/#primaryimage\"},\"image\":{\"@id\":\"https:\/\/www.arkteos.com\/index.php\/about-us\/histoire-du-nom\/#primaryimage\"},\"thumbnailUrl\":\"https:\/\/www.arkteos.com\/wp-content\/uploads\/2015\/11\/ARKTEOS-logo.png\",\"datePublished\":\"2016-02-02T12:21:40+00:00\",\"dateModified\":\"2016-02-02T12:27:30+00:00\",\"breadcrumb\":{\"@id\":\"https:\/\/www.arkteos.com\/index.php\/about-us\/histoire-du-nom\/#breadcrumb\"},\"inLanguage\":\"fr-FR\",\"potentialAction\":[{\"@type\":\"ReadAction\",\"target\":[\"https:\/\/www.arkteos.com\/index.php\/about-us\/histoire-du-nom\/\"]}]},{\"@type\":\"ImageObject\",\"inLanguage\":\"fr-FR\",\"@id\":\"https:\/\/www.arkteos.com\/index.php\/about-us\/histoire-du-nom\/#primaryimage\",\"url\":\"https:\/\/www.arkteos.com\/wp-content\/uploads\/2015\/11\/ARKTEOS-logo.png\",\"contentUrl\":\"https:\/\/www.arkteos.com\/wp-content\/uploads\/2015\/11\/ARKTEOS-logo.png\"},{\"@type\":\"BreadcrumbList\",\"@id\":\"https:\/\/www.arkteos.com\/index.php\/about-us\/histoire-du-nom\/#breadcrumb\",\"itemListElement\":[{\"@type\":\"ListItem\",\"position\":1,\"name\":\"Accueil\",\"item\":\"https:\/\/www.arkteos.com\/\"},{\"@type\":\"ListItem\",\"position\":2,\"name\":\"Qui sommes nous\",\"item\":\"https:\/\/www.arkteos.com\/index.php\/about-us\/\"},{\"@type\":\"ListItem\",\"position\":3,\"name\":\"Histoire du nom\"}]},{\"@type\":\"WebSite\",\"@id\":\"https:\/\/www.arkteos.com\/#website\",\"url\":\"https:\/\/www.arkteos.com\/\",\"name\":\"ARKTEOS\",\"description\":\"FABRICANT FRANCAIS DE POMPE A CHALEUR\",\"publisher\":{\"@id\":\"https:\/\/www.arkteos.com\/#organization\"},\"potentialAction\":[{\"@type\":\"SearchAction\",\"target\":{\"@type\":\"EntryPoint\",\"urlTemplate\":\"https:\/\/www.arkteos.com\/?s={search_term_string}\"},\"query-input\":{\"@type\":\"PropertyValueSpecification\",\"valueRequired\":true,\"valueName\":\"search_term_string\"}}],\"inLanguage\":\"fr-FR\"},{\"@type\":\"Organization\",\"@id\":\"https:\/\/www.arkteos.com\/#organization\",\"name\":\"ARKTEOS\",\"url\":\"https:\/\/www.arkteos.com\/\",\"logo\":{\"@type\":\"ImageObject\",\"inLanguage\":\"fr-FR\",\"@id\":\"https:\/\/www.arkteos.com\/#\/schema\/logo\/image\/\",\"url\":\"https:\/\/www.arkteos.com\/wp-content\/uploads\/2025\/09\/cropped-Logo_Arkteos_03.png\",\"contentUrl\":\"https:\/\/www.arkteos.com\/wp-content\/uploads\/2025\/09\/cropped-Logo_Arkteos_03.png\",\"width\":400,\"height\":200,\"caption\":\"ARKTEOS\"},\"image\":{\"@id\":\"https:\/\/www.arkteos.com\/#\/schema\/logo\/image\/\"},\"sameAs\":[\"https:\/\/www.linkedin.com\/company\/26433823\/\"]}]}<\/script>\n<!-- \/ Yoast SEO plugin. -->","yoast_head_json":{"title":"Histoire du nom - ARKTEOS","robots":{"index":"noindex","follow":"follow"},"og_locale":"fr_FR","og_type":"article","og_title":"Histoire du nom - ARKTEOS","og_description":"Notre nom ARKTEOS est issu du mot ARKTOS qui signifie OURS en grec. Notre logo est une repr\u00e9sentation de l\u2019ours polaire, qui symbolise le r\u00e9chauffement climatique contre lequel nous luttons. L\u2019ours v\u00e9hicule \u00e9galement les valeurs ou notions de force, puissance, puret\u00e9 et r\u00e9sistance au froid, qui trouvent un \u00e9cho particulier dans notre m\u00e9tier de la [&hellip;]","og_url":"https:\/\/www.arkteos.com\/index.php\/about-us\/histoire-du-nom\/","og_site_name":"ARKTEOS","article_publisher":"https:\/\/www.linkedin.com\/company\/26433823\/","article_modified_time":"2016-02-02T12:27:30+00:00","og_image":[{"url":"https:\/\/www.arkteos.com\/wp-content\/uploads\/2015\/11\/ARKTEOS-logo.png","type":"","width":"","height":""}],"twitter_card":"summary_large_image","twitter_misc":{"Dur\u00e9e de lecture estim\u00e9e":"1 minute"},"schema":{"@context":"https:\/\/schema.org","@graph":[{"@type":"WebPage","@id":"https:\/\/www.arkteos.com\/index.php\/about-us\/histoire-du-nom\/","url":"https:\/\/www.arkteos.com\/index.php\/about-us\/histoire-du-nom\/","name":"Histoire du nom - ARKTEOS","isPartOf":{"@id":"https:\/\/www.arkteos.com\/#website"},"primaryImageOfPage":{"@id":"https:\/\/www.arkteos.com\/index.php\/about-us\/histoire-du-nom\/#primaryimage"},"image":{"@id":"https:\/\/www.arkteos.com\/index.php\/about-us\/histoire-du-nom\/#primaryimage"},"thumbnailUrl":"https:\/\/www.arkteos.com\/wp-content\/uploads\/2015\/11\/ARKTEOS-logo.png","datePublished":"2016-02-02T12:21:40+00:00","dateModified":"2016-02-02T12:27:30+00:00","breadcrumb":{"@id":"https:\/\/www.arkteos.com\/index.php\/about-us\/histoire-du-nom\/#breadcrumb"},"inLanguage":"fr-FR","potentialAction":[{"@type":"ReadAction","target":["https:\/\/www.arkteos.com\/index.php\/about-us\/histoire-du-nom\/"]}]},{"@type":"ImageObject","inLanguage":"fr-FR","@id":"https:\/\/www.arkteos.com\/index.php\/about-us\/histoire-du-nom\/#primaryimage","url":"https:\/\/www.arkteos.com\/wp-content\/uploads\/2015\/11\/ARKTEOS-logo.png","contentUrl":"https:\/\/www.arkteos.com\/wp-content\/uploads\/2015\/11\/ARKTEOS-logo.png"},{"@type":"BreadcrumbList","@id":"https:\/\/www.arkteos.com\/index.php\/about-us\/histoire-du-nom\/#breadcrumb","itemListElement":[{"@type":"ListItem","position":1,"name":"Accueil","item":"https:\/\/www.arkteos.com\/"},{"@type":"ListItem","position":2,"name":"Qui sommes nous","item":"https:\/\/www.arkteos.com\/index.php\/about-us\/"},{"@type":"ListItem","position":3,"name":"Histoire du nom"}]},{"@type":"WebSite","@id":"https:\/\/www.arkteos.com\/#website","url":"https:\/\/www.arkteos.com\/","name":"ARKTEOS","description":"FABRICANT FRANCAIS DE POMPE A CHALEUR","publisher":{"@id":"https:\/\/www.arkteos.com\/#organization"},"potentialAction":[{"@type":"SearchAction","target":{"@type":"EntryPoint","urlTemplate":"https:\/\/www.arkteos.com\/?s={search_term_string}"},"query-input":{"@type":"PropertyValueSpecification","valueRequired":true,"valueName":"search_term_string"}}],"inLanguage":"fr-FR"},{"@type":"Organization","@id":"https:\/\/www.arkteos.com\/#organization","name":"ARKTEOS","url":"https:\/\/www.arkteos.com\/","logo":{"@type":"ImageObject","inLanguage":"fr-FR","@id":"https:\/\/www.arkteos.com\/#\/schema\/logo\/image\/","url":"https:\/\/www.arkteos.com\/wp-content\/uploads\/2025\/09\/cropped-Logo_Arkteos_03.png","contentUrl":"https:\/\/www.arkteos.com\/wp-content\/uploads\/2025\/09\/cropped-Logo_Arkteos_03.png","width":400,"height":200,"caption":"ARKTEOS"},"image":{"@id":"https:\/\/www.arkteos.com\/#\/schema\/logo\/image\/"},"sameAs":["https:\/\/www.linkedin.com\/company\/26433823\/"]}]}},"_links":{"self":[{"href":"https:\/\/www.arkteos.com\/index.php\/wp-json\/wp\/v2\/pages\/1362","targetHints":{"allow":["GET"]}}],"collection":[{"href":"https:\/\/www.arkteos.com\/index.php\/wp-json\/wp\/v2\/pages"}],"about":[{"href":"https:\/\/www.arkteos.com\/index.php\/wp-json\/wp\/v2\/types\/page"}],"author":[{"embeddable":true,"href":"https:\/\/www.arkteos.com\/index.php\/wp-json\/wp\/v2\/users\/1"}],"replies":[{"embeddable":true,"href":"https:\/\/www.arkteos.com\/index.php\/wp-json\/wp\/v2\/comments?post=1362"}],"version-history":[{"count":5,"href":"https:\/\/www.arkteos.com\/index.php\/wp-json\/wp\/v2\/pages\/1362\/revisions"}],"predecessor-version":[{"id":1368,"href":"https:\/\/www.arkteos.com\/index.php\/wp-json\/wp\/v2\/pages\/1362\/revisions\/1368"}],"up":[{"embeddable":true,"href":"https:\/\/www.arkteos.com\/index.php\/wp-json\/wp\/v2\/pages\/232"}],"wp:attachment":[{"href":"https:\/\/www.arkteos.com\/index.php\/wp-json\/wp\/v2\/media?parent=1362"}],"curies":[{"name":"wp","href":"https:\/\/api.w.org\/{rel}","templated":true}]}}